uppose g = -6*o + 30 + 288. Is o prime?
True
Suppose 5*j = -10, -j = 3*b + 2*j - 3435. Suppose 0 = 5*y + b - 9302. Is y prime?
False
Let s(l) = 71*l - 25. Let j(g) = 36*g - 13. Let m(i) = -11*j(i) + 6*s(i). Is m(5) a prime number?
False
Suppose 2*h = -3*i + 26, -2*i = -h - 3*h - 28. Suppose i*y - 4*y - 1146 = 0. Is y composite?
False
Let u(r) = r - 10. Let h be u(11). Let s be -1 + h + 1 - -30. Suppose -2*b + 20 = 5*c - s, -3*b - 50 = -4*c. Is c a composite number?
False
Suppose 11*f + 7620 = 6*f. Is ((75/(-12))/5)/(3/f) a composite number?
True
Suppose b - 6 = 3*b. Suppose 0 = -2*k - 5*s + s + 14, 4*k - s - 1 = 0. Is b + k + 433 + -4 composite?
True
Suppose -9 = 2*s + 5*p, 4*s - 2*p + 3*p + 9 = 0. Let y be ((-78)/9)/(s/69). Suppose -2*v = 4*w + v - y, 317 = 4*w - 3*v. Is w prime?
False
Suppose 46*a - 628858 = 5*a. Is a prime?
False
Let h(l) = -116*l - 4. Let c be h(-5). Let g = -365 + c. Is g a composite number?
False
Suppose 2 = -5*c + 12. Suppose c*g + g + 2*t = 809, -4*g = -2*t - 1088. Let z = g + -182. Is z a prime number?
True
Suppose 88*d = 85*d + 51411. Is d a prime number?
True
Suppose 80*a = -5*t + 84*a + 92289, 0 = -3*t - 3*a + 55368. Is t a prime number?
True
Let k be 36/(-10) - (-9)/15. Let w be (k/(-6))/((-3)/6). Is w + -187*(1 + -3) a prime number?
True
Suppose 1084 = 2*l - 23790. Is l a composite number?
False
Suppose -5*f - z = -786247 + 63223, 4*f - 3*z - 578423 = 0. Is f a composite number?
True
Let t = 11002 + -7853. Is t composite?
True
Let p(o) = 2*o**2 + 9. Is p(-10) a composite number?
True
Let x = -30 + 32. Suppose -1112 = -x*y + 170. Is y prime?
True
Let a be 1 + 1*(441 + 0). Let f = a + -203. Is f prime?
True
Suppose -4*q = 4*r - 3751 - 2857, 0 = r - 1. Is q a prime number?
False
Let o = 10 + -10. Suppose o*a + 3*p = -4*a - 7591, 2*a + 3791 = 3*p. Is (-2)/(-3) + a/(-21) a prime number?
False
Let x be ((-320)/(-6) + 4)*3. Suppose 4*w - 1416 = x. Is w a composite number?
False
Let d = 2 + -4. Let b be -97 - (2 - (1 + d)). Is (-11)/77 + b/(-14) prime?
True
Suppose 7*r + 79 = 58. Let l = 4 + -2. Is (10 - r) + l/1 composite?
True
Let u(r) = -7*r + 33*r**3 + 5*r**2 - 2 - 16*r**3 + 6. Suppose 5*x + 2*i = -2 + 27, -7 = -4*x + i. Is u(x) composite?
False
Suppose -4*l + 12737 = n, 3*l + 5*n = 7031 + 2543. Is l composite?
True
Is (-12)/42 + 932630/70 a composite number?
True
Let k(v) = -5*v**3 + 2*v**2 + 13*v + 7. Is k(-12) composite?
False
Suppose -3*b = -a + 378, -3*a + 1116 - 10 = 5*b. Suppose -g - g + 10 = 0. Suppose -g*y = -a - 93. Is y prime?
False
Let c be -2 + 2*8/4. Suppose 72 = -t - c. Let l = t + 133. Is l a prime number?
True
Let u(o) = o - 7. Let i be u(10). Suppose a + 3*r - 12 = 0, -a + 2*r = -0*r + i. Suppose 143 = w - 3*x - x, -a*w - 4*x + 365 = 0. Is w a prime number?
True
Let j = -11 + 7. Let i be (96/(-28))/j*-7. Is (i/18)/((-1)/921) a composite number?
False
Suppose 4*w - 3*t = 1231, -2*w = 4*t - 5*t - 615. Is w composite?
False
Suppose 26*g - 393435 = -19*g. Is g composite?
True
Let u(s) = -s. Let p(n) = 4. Let g(f) = -p(f) - 3*u(f). Let o be g(3). Suppose 5*a - o*r = -r + 651, 0 = 4*a + r - 525. Is a prime?
True
Suppose 8917 - 3199 = 6*n. Is n composite?
False
Suppose 0 = 4*d - 507 - 1565. Suppose -d = 7*y - 3871. Is y a composite number?
False
Is 822/5*(-330)/(-198) composite?
True
Let o be 18/(-30) + (-66)/(-10). Let f(g) = 500*g + 37. Is f(o) composite?
False
Let t = 463 + -56. Let b = t - 184. Is b a composite number?
False
Let g(m) = -7*m**3 + 3*m**2 + 2*m. Let f be g(-4). Let k = 1389 - f. Is k a prime number?
False
Suppose -103182 = -2*q - 4*w, 6*w = 8*w + 10. Is q a composite number?
True
Let u(i) = 5*i + 1. Let v be u(-3). Let n = 17 - v. Is n composite?
False
Suppose -11*n + 12 = -14*n. Let k = n - -311. Is k a prime number?
True
Let a = 76 + -90. Let c(v) = 4*v**2 + 11*v + 47. Is c(a) a composite number?
False
Suppose -35*v = -36*v + 518. Let f = -4 + v. Is f a composite number?
True
Let q(p) = -971*p - 2. Let r(y) = 1943*y + 4. Let w(k) = 5*q(k) + 2*r(k). Is w(-1) prime?
True
Suppose y = 4*y - 12333. Is y a prime number?
True
Suppose 0 = 8*t - 15529 - 30703. Is t a composite number?
False
Let k be (2 - 5) + 13 + -2. Suppose 9*j - 3 = k*j. Suppose -j*l = 5*d - 184 - 13, -3*d - 283 = -5*l. Is l a prime number?
True
Let a(w) = -w**3 + 24*w**2 - 33*w + 13. Is a(20) prime?
True
Let f(m) = -4*m**2 - 8*m + 5. Let s(q) = -5 + 2 + 0 + 4. Let a(l) = -f(l) - 4*s(l). Is a(-7) composite?
False
Let a be ((-50)/(-5))/(10/5). Suppose 3*o - 5880 = -3*h, h + 0*o - a*o = 1942. Is h a composite number?
True
Suppose -s - 869 = -3*p, 6*p + 4*s = p + 1471. Suppose b = 3*b + 5*r - 183, 0 = -4*b + 5*r + p. Is b prime?
True
Let s(z) = -2*z**3 + 2*z**2 - 7*z + 3. Let x = -14 + 10. Is s(x) a composite number?
False
Suppose o + 18 = x + 5*o, -3*o = -x - 10. Let t(r) = 2*r**x + r**2 - 1 + 13*r - r. Is t(-6) a prime number?
False
Let j(t) = 194*t**2 - 15*t - 72. Is j(13) a prime number?
False
Is -3 + (-2 + -46)*(-1898)/39 a composite number?
False
Let x = 9 + -5. Is x + -3 + 2330 + 2 composite?
False
Let f(z) = z**2 - 5*z + 31. Let l(q) = -2*q + 16. Suppose 5 = -5*t - 2*m - 10, 4*t - 5*m = -45. Let c(j) = t*l(j) + 3*f(j). Is c(9) a composite number?
False
Suppose 2 = -5*w + 5*n + 7, 5*n = -15. Let v(a) = -192*a - 3. Let q be v(w). Suppose -5*r + 3*g = -635, 3*r - q = -3*g + 4*g. Is r a composite number?
False
Let d = 2 - -7. Suppose 2*u = 0, -2*m - 2*u = -m - 74. Let p = m + d. Is p a composite number?
False
Suppose 84542 = u + 31061. Is u a composite number?
True
Suppose -4*w + 80 = -2*k, 2*k + 2*k + 150 = 3*w. Let s = k + 33. Is (1 + 2)/(s/(-257)) prime?
True
Suppose w - 11318 = -4*s - 2*w, -11322 = -4*s - w. Is s a composite number?
True
Suppose 4*r = v - 412, 0 = -r - 0*r + 2. Let f = 1051 - v. Is f a composite number?
False
Suppose 5*s = -4*i + 59, -4*s + 5*i - 21 + 60 = 0. Suppose -s*n + 7*n = -196. Is n composite?
True
Suppose 2*s - g = s - 9, 0 = 5*s - 2*g + 30. Let o(w) = w**2 - 3*w - 21. Let a be o(11). Is a + (s/1 - -8) a prime number?
True
Suppose 3*g - 1 = -6*t + 2*t, 4*t - 2*g = 26. Suppose 2*b - 947 = -3*k, -4*b = k - t*k + 977. Is k a prime number?
False
Let r(u) = -5*u**2 - 4*u - 3. Let d be r(-10). Let h = d + 1418. Is h a composite number?
True
Let n = 1092 - -661. Is n a composite number?
False
Let d = 24 - 21. Suppose -10 = -2*o, -3*m - d*o + 36 = -867. Suppose m = k + 93. Is k a prime number?
False
Let o = 301446 - 177925. Is o a composite number?
True
Let k(g) = 7094*g - 30. Is k(2) prime?
False
Suppose 4*l - 6 = -2. Let j(s) = -307*s**2 + 9*s - 11. Let q(i) = 154*i**2 - 5*i + 6. Let g(b) = -6*j(b) - 11*q(b). Is g(l) prime?
True
Let v(u) = -u**3 + u**2 - 2*u - 2. Let g be v(-1). Suppose -340 = -i - k, -k - g*k = 4*i - 1361. Is i a composite number?
True
Let q(l) = 10*l**2 + 10*l + 3. Suppose 0 = 25*b - 29*b - 20. Is q(b) composite?
True
Let q(k) = -1501*k - 83. Is q(-6) prime?
True
Let f(s) = 118*s + 131. Is f(21) a composite number?
False
Let i(n) = -n**2 - 56. Let r be i(0). Let z be 6/4*r/12. Is 422/(-8)*(3 + z) composite?
False
Let r(a) = -1873*a - 81. Is r(-14) prime?
True
Let i = -42 - -383. Is i a composite number?
True
Suppose -2*x + 14 + 4 = -5*i, 3*i = -2*x + 2. Suppose 6031 = x*l - 3301. Is l prime?
True
Let z(m) = 278*m**2 + m - 1. Let f be z(4). Suppose -6*k + 1147 + f = 0. Is k prime?
False
Suppose 0 = 3*i + 12, 0*d - d = 4*i - 6433. Is d composite?
False
Suppose 30340 = 8*t - 3828. Is t prime?
True
Let j(x) = x**2 - 17*x - 12. Let k(h) = 5*h**2 - 69*h - 47. Let z(m) = 9*j(m) - 2*k(m). Let i be z(-14). Suppose 0*a - 5*a + 4395 = i. Is a composite?
True
Is 343/(-1372) - (0 - 16733/4) composite?
True
Let r = 8254 + -4248. Is r a composite number?
True
Let p = 26265 + 65168. Is p composite?
False
Let n be 8*2/4 - 14. Let j = 14 + n. Suppose 3888 = j*z - 2*f, -2*z - z + 2917 = -2*f. Is z a prime number?
True
Let r(n) = -2*n**3 + 22*n**2 - 19*n - 7. Let s be r(10). Is (-7 - 18/(-3)) + s*454 prime?
True
Suppose -1456 = -4*m - 4*t, -m - 2*t = 3*t - 352. Suppose 35 = -3*q - 172. Let w = m + q. Is w composite?
True
Let r = -6 + 11. Suppose y + 3*b = 7, -b = y + 2 - r. Let s(h) = 148*h + 1. Is s(y) a composite number?
False
Is 3*(10129/21 - 3) composite?
True
Let q(w) = 877*w**2 - 69*w - 3. I